{"id":152,"date":"2026-02-13T23:47:57","date_gmt":"2026-02-13T20:47:57","guid":{"rendered":"https:\/\/prohands.com.tr\/?page_id=152"},"modified":"2026-03-30T01:38:36","modified_gmt":"2026-03-29T22:38:36","slug":"nem-alma-servisi","status":"publish","type":"page","link":"https:\/\/prohands.com.tr\/?page_id=152","title":{"rendered":"Nem Alma Servisi"},"content":{"rendered":"\n<p>NEM ALMA SANTRAL\u0130<\/p>\n\n\n\n<figure class=\"wp-block-image size-full\"><img fetchpriority=\"high\" decoding=\"async\" width=\"636\" height=\"253\" src=\"https:\/\/prohands.com.tr\/wp-content\/uploads\/2026\/03\/image-3.jpeg\" alt=\"\" class=\"wp-image-543\" srcset=\"https:\/\/prohands.com.tr\/wp-content\/uploads\/2026\/03\/image-3.jpeg 636w, https:\/\/prohands.com.tr\/wp-content\/uploads\/2026\/03\/image-3-300x119.jpeg 300w\" sizes=\"(max-width: 636px) 100vw, 636px\" \/><\/figure>\n\n\n\n<figure class=\"wp-block-image size-full\"><img decoding=\"async\" width=\"635\" height=\"422\" src=\"https:\/\/prohands.com.tr\/wp-content\/uploads\/2026\/03\/image-2.jpeg\" alt=\"\" class=\"wp-image-542\" srcset=\"https:\/\/prohands.com.tr\/wp-content\/uploads\/2026\/03\/image-2.jpeg 635w, https:\/\/prohands.com.tr\/wp-content\/uploads\/2026\/03\/image-2-300x199.jpeg 300w\" sizes=\"(max-width: 635px) 100vw, 635px\" \/><\/figure>\n\n\n\n<p>NEM ALMA SANTRAL\u0130 NED\u0130R VE NERELERDE KULLANILIR?<\/p>\n\n\n\n<p>NEM ALMAK \u0130\u00c7\u0130N KULLANILAN BU C\u0130HAZLARIN \u0130\u00c7\u0130NDE KOMPRES\u00d6R, EVAPARAT\u00d6R BATARYASI, KONDANSER BATARYASI, ASPRATOR FANI, \u00dcFLEME FANI, F\u0130LTRELER, SENS\u00d6RLER, DAMPER MOTORLARI,ISI GER\u0130 KAZANIM BATARYASI VE ISI KAYNA\u011eI (ELEKTR\u0130KL\u0130 ISITICI VEYA SULU BATARYA)BULUNUR.NEM ALMA SANTRALLER\u0130 KAPALI Y\u00dcZME HAVUZLARINDA VE KURUTMA PROSESES\u0130 BULUNAN ORTAMLARDA KULLANILIR.KANALLAR VASITASIYLA NEM ALINACAK ORTAMDAN \u00c7EK\u0130LEN HAVANIN, NEM DE\u011eER\u0130 \u00d6L\u00c7\u00dcL\u00dcR, C\u0130HAZ ORTAMDAK\u0130 NEM \u0130LE KULLANICININ \u0130STED\u0130\u011e\u0130 NEM ORANINI&nbsp; KAR\u015eILA\u015eTIRARAK KOMPRES\u00d6R\u00dc DEVREYE ALIR.ORTAMDAN \u00c7EK\u0130LEN NEM\u0130 EVAPARAT\u00d6RDE YO\u011eU\u015eTURUR KONDANSERDE KURUTURAK TEKRAR ORTAMA G\u00d6NDER\u0130R.MAHALDEK\u0130 ISI KONTROL\u00dcN\u00dc \u0130SE C\u0130HAZDA BULUNAN ISI KAYNA\u011eINI KULLANARAK AYARLAR.DAMPER MOTORLARIYLA DA \u0130\u00c7ER\u0130DEK\u0130 TAZE HAVA ORANI AYARLANAB\u0130L\u0130R.NEM ALMA SANTRAL\u0130 \u00dcRET\u0130C\u0130LER\u0130N\u0130N BAZILARI \u015eU \u015eEK\u0130LDED\u0130R; PROVENT, \u00dcNTES, ROHS, KLS, LENNOX, ALDA\u011e, FANT\u00dcRK, CARR\u0130ER, YORK, TRANE, \u0130MEKSAN, FANMAK, VENTAS, AIRBY, FANT\u00dcRK,DO\u011eU KL\u0130MA V.S.<\/p>\n\n\n\n<p>PROHANDS OLARAK BU MARKALARIN YETK\u0130L\u0130 SERV\u0130S\u0130 OLMAMAKLA B\u0130RL\u0130KTE YUKARIDAK\u0130 MARKALAR VE \u00c7E\u015e\u0130TL\u0130 MARKALARIN NEM ALMA C\u0130HAZLARINA PROFESYONEL ELLERLE HER T\u00dcRL\u00dc TEKN\u0130K DESTEK VERMEKTEY\u0130Z.UZUN YILLAR NEM SANTRAL\u0130 \u00dcRET\u0130C\u0130L\u0130\u011e\u0130 \u0130LE TECR\u00dcBE KAZANMI\u015e EK\u0130B\u0130M\u0130Z NEM ALMA C\u0130HAZLARINIZI \u0130LK G\u00dcNK\u00dc PERFORMANSINA HATTA DAHA \u0130Y\u0130 NOKTAYA TA\u015eINACA\u011eINI GARANT\u0130 EDER.<\/p>\n","protected":false},"excerpt":{"rendered":"<p>NEM ALMA SANTRAL\u0130 NEM ALMA SANTRAL\u0130 NED\u0130R VE NERELERDE KULLANILIR? NEM ALMAK \u0130\u00c7\u0130N KULLANILAN BU C\u0130HAZLARIN \u0130\u00c7\u0130NDE KOMPRES\u00d6R, EVAPARAT\u00d6R BATARYASI, [&hellip;]<\/p>\n","protected":false},"author":1,"featured_media":0,"parent":0,"menu_order":0,"comment_status":"closed","ping_status":"closed","template":"","meta":{"site-sidebar-layout":"default","site-content-layout":"","ast-site-content-layout":"default","site-content-style":"default","site-sidebar-style":"default","ast-global-header-display":"","ast-banner-title-visibility":"","ast-main-header-display":"","ast-hfb-above-header-display":"","ast-hfb-below-header-display":"","ast-hfb-mobile-header-display":"","site-post-title":"","ast-breadcrumbs-content":"","ast-featured-img":"","footer-sml-layout":"","ast-disable-related-posts":"","theme-transparent-header-meta":"","adv-header-id-meta":"","stick-header-meta":"","header-above-stick-meta":"","header-main-stick-meta":"","header-below-stick-meta":"","astra-migrate-meta-layouts":"default","ast-page-background-enabled":"default","ast-page-background-meta":{"desktop":{"background-color":"var(--ast-global-color-5)","background-image":"","background-repeat":"repeat","background-position":"center center","background-size":"auto","background-attachment":"scroll","background-type":"","background-media":"","overlay-type":"","overlay-color":"","overlay-opacity":"","overlay-gradient":""},"tablet":{"background-color":"","background-image":"","background-repeat":"repeat","background-position":"center center","background-size":"auto","background-attachment":"scroll","background-type":"","background-media":"","overlay-type":"","overlay-color":"","overlay-opacity":"","overlay-gradient":""},"mobile":{"background-color":"","background-image":"","background-repeat":"repeat","background-position":"center center","background-size":"auto","background-attachment":"scroll","background-type":"","background-media":"","overlay-type":"","overlay-color":"","overlay-opacity":"","overlay-gradient":""}},"ast-content-background-meta":{"desktop":{"background-color":"var(--ast-global-color-4)","background-image":"","background-repeat":"repeat","background-position":"center center","background-size":"auto","background-attachment":"scroll","background-type":"","background-media":"","overlay-type":"","overlay-color":"","overlay-opacity":"","overlay-gradient":""},"tablet":{"background-color":"var(--ast-global-color-4)","background-image":"","background-repeat":"repeat","background-position":"center center","background-size":"auto","background-attachment":"scroll","background-type":"","background-media":"","overlay-type":"","overlay-color":"","overlay-opacity":"","overlay-gradient":""},"mobile":{"background-color":"var(--ast-global-color-4)","background-image":"","background-repeat":"repeat","background-position":"center center","background-size":"auto","background-attachment":"scroll","background-type":"","background-media":"","overlay-type":"","overlay-color":"","overlay-opacity":"","overlay-gradient":""}},"footnotes":""},"class_list":["post-152","page","type-page","status-publish","hentry"],"_links":{"self":[{"href":"https:\/\/prohands.com.tr\/index.php?rest_route=\/wp\/v2\/pages\/152","targetHints":{"allow":["GET"]}}],"collection":[{"href":"https:\/\/prohands.com.tr\/index.php?rest_route=\/wp\/v2\/pages"}],"about":[{"href":"https:\/\/prohands.com.tr\/index.php?rest_route=\/wp\/v2\/types\/page"}],"author":[{"embeddable":true,"href":"https:\/\/prohands.com.tr\/index.php?rest_route=\/wp\/v2\/users\/1"}],"replies":[{"embeddable":true,"href":"https:\/\/prohands.com.tr\/index.php?rest_route=%2Fwp%2Fv2%2Fcomments&post=152"}],"version-history":[{"count":2,"href":"https:\/\/prohands.com.tr\/index.php?rest_route=\/wp\/v2\/pages\/152\/revisions"}],"predecessor-version":[{"id":544,"href":"https:\/\/prohands.com.tr\/index.php?rest_route=\/wp\/v2\/pages\/152\/revisions\/544"}],"wp:attachment":[{"href":"https:\/\/prohands.com.tr\/index.php?rest_route=%2Fwp%2Fv2%2Fmedia&parent=152"}],"curies":[{"name":"wp","href":"https:\/\/api.w.org\/{rel}","templated":true}]}}