{"id":148,"date":"2026-02-13T23:50:52","date_gmt":"2026-02-13T20:50:52","guid":{"rendered":"https:\/\/prohands.com.tr\/?page_id=148"},"modified":"2026-03-30T01:37:32","modified_gmt":"2026-03-29T22:37:32","slug":"rooftop-servisi","status":"publish","type":"page","link":"https:\/\/prohands.com.tr\/?page_id=148","title":{"rendered":"Rooftop Servisi"},"content":{"rendered":"\n<p>ROOFTOP KL\u0130MA SANTRALLER\u0130 (\u00c7ATI T\u0130P\u0130 KL\u0130MA)<\/p>\n\n\n\n<figure class=\"wp-block-image size-full\"><img fetchpriority=\"high\" decoding=\"async\" width=\"604\" height=\"251\" src=\"https:\/\/prohands.com.tr\/wp-content\/uploads\/2026\/03\/image.jpeg\" alt=\"\" class=\"wp-image-539\" srcset=\"https:\/\/prohands.com.tr\/wp-content\/uploads\/2026\/03\/image.jpeg 604w, https:\/\/prohands.com.tr\/wp-content\/uploads\/2026\/03\/image-300x125.jpeg 300w\" sizes=\"(max-width: 604px) 100vw, 604px\" \/><\/figure>\n\n\n\n<figure class=\"wp-block-image size-full\"><img decoding=\"async\" width=\"605\" height=\"424\" src=\"https:\/\/prohands.com.tr\/wp-content\/uploads\/2026\/03\/image-1.jpeg\" alt=\"\" class=\"wp-image-540\" srcset=\"https:\/\/prohands.com.tr\/wp-content\/uploads\/2026\/03\/image-1.jpeg 605w, https:\/\/prohands.com.tr\/wp-content\/uploads\/2026\/03\/image-1-300x210.jpeg 300w\" sizes=\"(max-width: 605px) 100vw, 605px\" \/><\/figure>\n\n\n\n<p>ROOFTOP NED\u0130R VE NERELERDE KULLANILIR ?<\/p>\n\n\n\n<p>ROOFTOPLAR GENELDE B\u0130NALARIN DI\u015e KISIMLARINA YERLE\u015eT\u0130R\u0130L\u0130R.\u0130\u00c7ER\u0130S\u0130NDE SO\u011eUTMA VE ISITMA \u0130\u00c7\u0130N KOMPRES\u00d6R, KONDANSER BATARYASI, EVAPARATOR BATARYASI, KONDANSER FANLARI, EVAPARATOR FANLARI, F\u0130LTRELER VE HAVA KLEPELER\u0130 BULUNUR.ROOFTOPLARIN KULLANIM ALANLARI, FABR\u0130KALAR, ALI\u015eVER\u0130\u015e MERKEZLER\u0130, OF\u0130SLER, HASTANELER, RESTAURANTLAR VE GEN\u0130\u015e \u0130\u00c7 ALANI OLAN B\u0130NALARDIR.ROOFTOPLAR SADECE SO\u011eUTMA AMA\u00c7LI KULLANILAB\u0130LECE\u011e\u0130 G\u0130B\u0130 ISITMA AMA\u00c7LIDA KULLANILAB\u0130LMEKTED\u0130R.DI\u015eARIDAN SADECE ELEKTR\u0130K ENERJ\u0130S\u0130 SA\u011eLANARAK BA\u015eKA H\u0130\u00c7B\u0130R ENERJ\u0130 KAYNA\u011eINA \u0130HT\u0130YA\u00c7 DUYMADAN ISITMA VE SO\u011eUTMA YAPAB\u0130L\u0130RLER.KI\u015e MEVS\u0130M\u0130NDEK\u0130 \u015eARTLARIN \u00c7OK SO\u011eUK OLDU\u011eU B\u00d6LGELERDE ISITMA Y\u00dcK\u00dcN\u00dc KAR\u015eILAMALARINDA OLU\u015eACAK VER\u0130M D\u00dc\u015e\u00dcKL\u00dc\u011e\u00dcNE KAR\u015eI \u0130LAVE ISI KAYNAKLARI KULLANILAB\u0130L\u0130R.BU KAYNAKLAR B\u0130R DO\u011eALGAZLI SICAK HAVA APAREY\u0130, ELEKTR\u0130KL\u0130 RES\u0130STANS VEYA SICAK SULU BATARYASI OLAB\u0130L\u0130R. BU KAYNAKLAR C\u0130HAZIN BULUNDU\u011eU B\u00d6LGEDEK\u0130 ALT YAPISI BULUNAN VE EN EKONOM\u0130K OLAN ENERJ\u0130 KAYNA\u011eI \u0130LE ROOFTOPA ENTEGRE ED\u0130LEB\u0130L\u0130RLER.<\/p>\n\n\n\n<p>ROOFTOPLARIN \u00c7ALI\u015eMASI C\u0130HAZA BA\u011eLANAN HAVALANDIRMA KANALLARI \u0130LE \u0130\u00c7 ORTAMA BASILACAK VEYA EM\u0130LECEK HAVAYA G\u00d6RE D\u0130ZAYN ED\u0130LMEKTED\u0130R.D\u00d6N\u00dc\u015e HAVASINA BA\u011eLANAN HAVALANDIRMA KANALLARINDAN ALDI\u011eI HAVANIN SICAKLIK VEYA NEM DE\u011eER\u0130NE G\u00d6RE KONFOR \u015eARTLARI OLU\u015eTURULARAK \u00dcFLEME KANALINA EVAPARATOR FAN ARACILI\u011eIYLA HAVA G\u00d6NDER\u0130R.ORTAM \u0130STEN\u0130LEN \u015eARTLARA ULA\u015eASIYA KADAR C\u0130HAZIN ISITMA, SO\u011eUTMA VEYA NEM EK\u0130PMANLARI \u00c7ALI\u015eTIRILIR.ROOFTOPLAR HEM ISITMA HEM SO\u011eUTMA \u00d6ZELL\u0130\u011e\u0130 \u0130LE HAVALANDIRMA SEKT\u00d6R\u00dcNDE SIK\u00c7A TERC\u0130H ED\u0130LEN C\u0130HAZLARDIR.BAZI ROOFTOP \u00dcRET\u0130C\u0130LER\u0130 \u015eU \u015eEK\u0130LDED\u0130R; PROVENT, \u00dcNTES, ROHS, KLS, LENNOX, ALDA\u011e, FANT\u00dcRK, CARR\u0130ER, YORK, TRANE, \u0130MEKSAN, FANMAK, VENTAS, AIRBY, FANT\u00dcRK,DO\u011eU KL\u0130MA V.S.<\/p>\n\n\n\n<p>PROHANDS OLARAK YUKARIDAK\u0130 MARKALARIN YETK\u0130L\u0130 SERV\u0130S\u0130 OLMAMAKLA B\u0130RL\u0130KTE; YUKARIDAK\u0130 MARKALAR VE \u00c7E\u015e\u0130TL\u0130 MARKALARIN ROOFTOP C\u0130HAZLARINA PROFESYONEL ELLERLE HER T\u00dcRL\u00dc TEKN\u0130K DESTEK VERMEKTEY\u0130Z.UZUN YILLAR ROOFTOP \u00dcRET\u0130C\u0130L\u0130\u011e\u0130 \u0130LE TECR\u00dcBE KAZANMI\u015e EK\u0130B\u0130M\u0130Z ROOFTOP C\u0130HAZLARINIZI \u0130LK G\u00dcNK\u00dc PERFORMANSINA HATTA DAHA \u0130Y\u0130 NOKTAYA TA\u015eINACA\u011eINI GARANT\u0130 EDER.<\/p>\n\n\n\n<p><\/p>\n","protected":false},"excerpt":{"rendered":"<p>ROOFTOP KL\u0130MA SANTRALLER\u0130 (\u00c7ATI T\u0130P\u0130 KL\u0130MA) ROOFTOP NED\u0130R VE NERELERDE KULLANILIR ? ROOFTOPLAR GENELDE B\u0130NALARIN DI\u015e KISIMLARINA YERLE\u015eT\u0130R\u0130L\u0130R.\u0130\u00c7ER\u0130S\u0130NDE SO\u011eUTMA VE [&hellip;]<\/p>\n","protected":false},"author":1,"featured_media":0,"parent":0,"menu_order":0,"comment_status":"closed","ping_status":"closed","template":"","meta":{"site-sidebar-layout":"default","site-content-layout":"","ast-site-content-layout":"default","site-content-style":"default","site-sidebar-style":"default","ast-global-header-display":"","ast-banner-title-visibility":"","ast-main-header-display":"","ast-hfb-above-header-display":"","ast-hfb-below-header-display":"","ast-hfb-mobile-header-display":"","site-post-title":"","ast-breadcrumbs-content":"","ast-featured-img":"","footer-sml-layout":"","ast-disable-related-posts":"","theme-transparent-header-meta":"","adv-header-id-meta":"","stick-header-meta":"","header-above-stick-meta":"","header-main-stick-meta":"","header-below-stick-meta":"","astra-migrate-meta-layouts":"default","ast-page-background-enabled":"default","ast-page-background-meta":{"desktop":{"background-color":"var(--ast-global-color-5)","background-image":"","background-repeat":"repeat","background-position":"center center","background-size":"auto","background-attachment":"scroll","background-type":"","background-media":"","overlay-type":"","overlay-color":"","overlay-opacity":"","overlay-gradient":""},"tablet":{"background-color":"","background-image":"","background-repeat":"repeat","background-position":"center center","background-size":"auto","background-attachment":"scroll","background-type":"","background-media":"","overlay-type":"","overlay-color":"","overlay-opacity":"","overlay-gradient":""},"mobile":{"background-color":"","background-image":"","background-repeat":"repeat","background-position":"center center","background-size":"auto","background-attachment":"scroll","background-type":"","background-media":"","overlay-type":"","overlay-color":"","overlay-opacity":"","overlay-gradient":""}},"ast-content-background-meta":{"desktop":{"background-color":"var(--ast-global-color-4)","background-image":"","background-repeat":"repeat","background-position":"center center","background-size":"auto","background-attachment":"scroll","background-type":"","background-media":"","overlay-type":"","overlay-color":"","overlay-opacity":"","overlay-gradient":""},"tablet":{"background-color":"var(--ast-global-color-4)","background-image":"","background-repeat":"repeat","background-position":"center center","background-size":"auto","background-attachment":"scroll","background-type":"","background-media":"","overlay-type":"","overlay-color":"","overlay-opacity":"","overlay-gradient":""},"mobile":{"background-color":"var(--ast-global-color-4)","background-image":"","background-repeat":"repeat","background-position":"center center","background-size":"auto","background-attachment":"scroll","background-type":"","background-media":"","overlay-type":"","overlay-color":"","overlay-opacity":"","overlay-gradient":""}},"footnotes":""},"class_list":["post-148","page","type-page","status-publish","hentry"],"_links":{"self":[{"href":"https:\/\/prohands.com.tr\/index.php?rest_route=\/wp\/v2\/pages\/148","targetHints":{"allow":["GET"]}}],"collection":[{"href":"https:\/\/prohands.com.tr\/index.php?rest_route=\/wp\/v2\/pages"}],"about":[{"href":"https:\/\/prohands.com.tr\/index.php?rest_route=\/wp\/v2\/types\/page"}],"author":[{"embeddable":true,"href":"https:\/\/prohands.com.tr\/index.php?rest_route=\/wp\/v2\/users\/1"}],"replies":[{"embeddable":true,"href":"https:\/\/prohands.com.tr\/index.php?rest_route=%2Fwp%2Fv2%2Fcomments&post=148"}],"version-history":[{"count":2,"href":"https:\/\/prohands.com.tr\/index.php?rest_route=\/wp\/v2\/pages\/148\/revisions"}],"predecessor-version":[{"id":541,"href":"https:\/\/prohands.com.tr\/index.php?rest_route=\/wp\/v2\/pages\/148\/revisions\/541"}],"wp:attachment":[{"href":"https:\/\/prohands.com.tr\/index.php?rest_route=%2Fwp%2Fv2%2Fmedia&parent=148"}],"curies":[{"name":"wp","href":"https:\/\/api.w.org\/{rel}","templated":true}]}}